{"id":113,"date":"2015-10-22T14:34:37","date_gmt":"2015-10-22T14:34:37","guid":{"rendered":"http:\/\/test.kriesi.at\/construction\/?page_id=113"},"modified":"2019-07-13T14:14:58","modified_gmt":"2019-07-13T13:14:58","slug":"transfer-putnika","status":"publish","type":"page","link":"https:\/\/transfercompany.me\/index.php\/service\/transfer-putnika\/","title":{"rendered":"Transfer Putnika"},"content":{"rendered":"<div  data-size='featured_large'  data-lightbox_size='large'  data-animation='fade'  data-conditional_play=''  data-ids='83,87,100'  data-video_counter='0'  data-autoplay='true'  data-bg_slider='false'  data-slide_height=''  data-handle='av_slideshow'  data-interval='5'  data-class=' avia-builder-el-0  el_before_av_one_full  avia-builder-el-first  '  data-css_id=''  data-scroll_down=''  data-control_layout='av-control-hidden'  data-custom_markup=''  data-perma_caption=''  data-autoplay_stopper=''  data-image_attachment=''  data-min_height='0px'  data-default-height='42'  class='avia-slideshow avia-slideshow-1  av-control-hidden av-default-height-applied avia-slideshow-featured_large av_slideshow  avia-builder-el-0  el_before_av_one_full  avia-builder-el-first   avia-fade-slider '  itemprop=\"image\" itemscope=\"itemscope\" itemtype=\"https:\/\/schema.org\/ImageObject\" ><ul class='avia-slideshow-inner ' style='padding-bottom: 66.666666666667%;' ><li  class=' slide-1 ' ><div data-rel='slideshow-1' class='avia-slide-wrap '   ><img src='https:\/\/transfercompany.me\/wp-content\/uploads\/2015\/10\/scale-ruler-on-blueprints.jpg' width='945' height='630' title='Scale Ruler on Blueprints' alt=''  itemprop=\"thumbnailUrl\"   \/><\/div><\/li><li  class=' slide-2 ' ><div data-rel='slideshow-1' class='avia-slide-wrap '   ><img src='https:\/\/transfercompany.me\/wp-content\/uploads\/2015\/10\/team-banner2.jpg' width='1500' height='630' title='team-banner2' alt=''  itemprop=\"thumbnailUrl\"   \/><\/div><\/li><li  class=' slide-3 ' ><div data-rel='slideshow-1' class='avia-slide-wrap '   ><img src='https:\/\/transfercompany.me\/wp-content\/uploads\/2015\/10\/house-interior-1500x630.jpg' width='1500' height='630' title='House interior' alt=''  itemprop=\"thumbnailUrl\"   \/><\/div><\/li><\/ul><div class='avia-slideshow-arrows avia-slideshow-controls'><a href='#prev' class='prev-slide' aria-hidden='true' data-av_icon='\ue87c' data-av_iconfont='entypo-fontello'>Previous<\/a><a href='#next' class='next-slide' aria-hidden='true' data-av_icon='\ue87d' data-av_iconfont='entypo-fontello'>Next<\/a><\/div><div class='avia-slideshow-dots avia-slideshow-controls'><a href='#1' class='goto-slide active' >1<\/a><a href='#2' class='goto-slide ' >2<\/a><a href='#3' class='goto-slide ' >3<\/a><\/div><\/div>\n<div class=\"flex_column av_one_full  av-animated-generic bottom-to-top  flex_column_div av-zero-column-padding first  avia-builder-el-1  el_after_av_slideshow  el_before_av_one_full  \" style='margin-top:0px; margin-bottom:0px; border-radius:0px; '><p><div style='padding-bottom:0px; ' class='av-special-heading av-special-heading-h2  blockquote modern-quote  avia-builder-el-2  el_before_av_hr  avia-builder-el-first   '><h2 class='av-special-heading-tag '  itemprop=\"headline\"  >Transfer Putnika<\/h2><div class='special-heading-border'><div class='special-heading-inner-border' ><\/div><\/div><\/div><br \/>\n<div style=' margin-top:10px; margin-bottom:10px;'  class='hr hr-custom hr-left hr-icon-no   avia-builder-el-3  el_after_av_heading  avia-builder-el-last '><span class='hr-inner   inner-border-av-border-fat' style=' width:50px; border-color:#efbb20;' ><span class='hr-inner-style'><\/span><\/span><\/div><\/p><\/div>\n<div class=\"flex_column av_one_full  flex_column_div av-zero-column-padding first  avia-builder-el-4  el_after_av_one_full  el_before_av_one_full  column-top-margin\" style='border-radius:0px; '><section class=\"av_textblock_section \"  itemscope=\"itemscope\" itemtype=\"https:\/\/schema.org\/CreativeWork\" ><div class='avia_textblock  '   itemprop=\"text\" ><p>Na\u0161e usluge aerodromskog transfera podrazumevaju do\u010dek na aerodromu u Podgorici, Tivat, Tirani i Dubrovniku ili ispred Va\u0161eg hotela, i prevoz do bilo koje destinacije sa garancijom udobnog, ta\u010dnog i sigurnog putovanja.<\/p>\n<\/div><\/section><\/div>\n<div class=\"flex_column av_one_full  flex_column_div av-zero-column-padding first  avia-builder-el-6  el_after_av_one_full  el_before_av_one_third  column-top-margin\" style='border-radius:0px; '><section class=\"av_textblock_section \"  itemscope=\"itemscope\" itemtype=\"https:\/\/schema.org\/CreativeWork\" ><div class='avia_textblock  '   itemprop=\"text\" ><p><em>Nudimo Vam prevoz klijenata do \u017eeljene destinacije u zemlji i inostranstvu i na raspolaganju su Vam:<\/em><\/p>\n<\/div><\/section><\/div>\n<div class=\"flex_column av_one_third  flex_column_div first  avia-builder-el-8  el_after_av_one_full  el_before_av_one_third  column-top-margin\" ><article class=\"iconbox iconbox_top main_color    avia-builder-el-9  avia-builder-el-no-sibling   \"  itemscope=\"itemscope\" itemtype=\"https:\/\/schema.org\/CreativeWork\" ><div class=\"iconbox_content\"><header class=\"entry-content-header\"><div class=\"iconbox_icon heading-color \" aria-hidden='true' data-av_icon='\ue841' data-av_iconfont='entypo-fontello'  ><\/div><h3 class='iconbox_content_title  '  itemprop=\"headline\"  >Auto prevoz putnika<\/h3><\/header><div class='iconbox_content_container  '  itemprop=\"text\"  ><p><em>Dnevno ili vi\u0161ednevno iznajmljivanje automobila sa profesionalnim voza\u010dem.<\/em><\/p>\n<\/div><\/div><footer class=\"entry-footer\"><\/footer><\/article><\/div>\n<div class=\"flex_column av_one_third  flex_column_div   avia-builder-el-10  el_after_av_one_third  el_before_av_one_third  column-top-margin\" ><article class=\"iconbox iconbox_top main_color    avia-builder-el-11  avia-builder-el-no-sibling   \"  itemscope=\"itemscope\" itemtype=\"https:\/\/schema.org\/CreativeWork\" ><div class=\"iconbox_content\"><header class=\"entry-content-header\"><div class=\"iconbox_icon heading-color \" aria-hidden='true' data-av_icon='\ue816' data-av_iconfont='entypo-fontello'  ><\/div><h3 class='iconbox_content_title  '  itemprop=\"headline\"  >Kombi prevoz putnika<\/h3><\/header><div class='iconbox_content_container  '  itemprop=\"text\"  ><p><em>Kombi prevoz putnika do bilo koje destinacije u Evropi. Brzo, efikasno i ta\u010dno.<\/em><\/p>\n<\/div><\/div><footer class=\"entry-footer\"><\/footer><\/article><\/div>\n<div class=\"flex_column av_one_third  flex_column_div   avia-builder-el-12  el_after_av_one_third  el_before_av_one_third  column-top-margin\" ><article class=\"iconbox iconbox_top main_color    avia-builder-el-13  avia-builder-el-no-sibling   \"  itemscope=\"itemscope\" itemtype=\"https:\/\/schema.org\/CreativeWork\" ><div class=\"iconbox_content\"><header class=\"entry-content-header\"><div class=\"iconbox_icon heading-color \" aria-hidden='true' data-av_icon='\ue85d' data-av_iconfont='entypo-fontello'  ><\/div><h3 class='iconbox_content_title  '  itemprop=\"headline\"  >Autobuski prevoz putnika<\/h3><\/header><div class='iconbox_content_container  '  itemprop=\"text\"  ><p><em>Minibus prevoz putnika sa kapacitetom od 25 do 55 mesta.<\/em><\/p>\n<\/div><\/div><footer class=\"entry-footer\"><\/footer><\/article><\/div>\n<div class=\"flex_column av_one_third  flex_column_div first  avia-builder-el-14  el_after_av_one_third  el_before_av_one_third  column-top-margin\" ><article class=\"iconbox iconbox_top main_color    avia-builder-el-15  avia-builder-el-no-sibling   \"  itemscope=\"itemscope\" itemtype=\"https:\/\/schema.org\/CreativeWork\" ><div class=\"iconbox_content\"><header class=\"entry-content-header\"><div class=\"iconbox_icon heading-color \" aria-hidden='true' data-av_icon='\ue842' data-av_iconfont='entypo-fontello'  ><\/div><h3 class='iconbox_content_title  '  itemprop=\"headline\"  >Usluge Aerodromskog Transfera<\/h3><\/header><div class='iconbox_content_container  '  itemprop=\"text\"  ><p><em>Na\u0161e usluge aerodromskog transfera podrazumevaju do\u010dek na aerodromu u Podgorici, Tivat, Tirani i Dubrovniku ili ispred Va\u0161eg hotela, i prevoz do bilo koje destinacije sa garancijom udobnog, ta\u010dnog i sigurnog putovanja. Sva vozila se iznajmljuju isklju\u010divo sa voza\u010dem.<\/em><\/p>\n<\/div><\/div><footer class=\"entry-footer\"><\/footer><\/article><\/div>\n<div class=\"flex_column av_one_third  flex_column_div   avia-builder-el-16  el_after_av_one_third  el_before_av_one_third  column-top-margin\" ><article class=\"iconbox iconbox_top main_color    avia-builder-el-17  avia-builder-el-no-sibling  \"  itemscope=\"itemscope\" itemtype=\"https:\/\/schema.org\/CreativeWork\" ><div class=\"iconbox_content\"><header class=\"entry-content-header\"><div class=\"iconbox_icon heading-color \" aria-hidden='true' data-av_icon='\ue8b9' data-av_iconfont='entypo-fontello'  ><\/div><h3 class='iconbox_content_title  '  itemprop=\"headline\"  >Free Support<\/h3><\/header><div class='iconbox_content_container  '  itemprop=\"text\"  ><p>Aenean commodo ligula eget dolor. Lorem ipsum dolor sit amet, consectetuer adipiscing elit.<\/p>\n<\/div><\/div><footer class=\"entry-footer\"><\/footer><\/article><\/div>\n<div class=\"flex_column av_one_third  flex_column_div   avia-builder-el-18  el_after_av_one_third  el_before_av_toggle_container  column-top-margin\" ><article class=\"iconbox iconbox_top main_color    avia-builder-el-19  avia-builder-el-no-sibling  \"  itemscope=\"itemscope\" itemtype=\"https:\/\/schema.org\/CreativeWork\" ><div class=\"iconbox_content\"><header class=\"entry-content-header\"><div class=\"iconbox_icon heading-color \" aria-hidden='true' data-av_icon='\ue8b9' data-av_iconfont='entypo-fontello'  ><\/div><h3 class='iconbox_content_title  '  itemprop=\"headline\"  >Free Support<\/h3><\/header><div class='iconbox_content_container  '  itemprop=\"text\"  ><p>Aenean commodo ligula eget dolor. Lorem ipsum dolor sit amet, consectetuer adipiscing elit.<\/p>\n<\/div><\/div><footer class=\"entry-footer\"><\/footer><\/article><\/div>\n<div class=\"togglecontainer   toggle_close_all  avia-builder-el-20  el_after_av_one_third  el_before_av_one_full  \" >\n<section class=\"av_toggle_section\"  itemscope=\"itemscope\" itemtype=\"https:\/\/schema.org\/CreativeWork\"  >    <div class=\"single_toggle\" data-tags=\"{All} \"  >        <p data-fake-id=\"#toggle-id-1\" class=\"toggler \"  itemprop=\"headline\"   >Prevoz putnika sa aerodoroma Podgorica<span class=\"toggle_icon\" >        <span class=\"vert_icon\"><\/span><span class=\"hor_icon\"><\/span><\/span><\/p>        <div id=\"toggle-id-1-container\" class=\"toggle_wrap \"  >            <div class=\"toggle_content invers-color \"  itemprop=\"text\"   ><h2 class=\"rl_sliders-title nn_sliders-title\"><strong>Prevoz putnika sa aerodroma Podgorica<\/strong><\/h2>\n<table style=\"height: 387px; width: 758px;\" border=\"1\" cellspacing=\"1\" cellpadding=\"1\">\n<tbody>\n<tr>\n<td>Prevoz od\u00a0 \/ do<\/td>\n<td style=\"text-align: center;\" colspan=\"3\">Cijena po vozilu u \u20ac<\/td>\n<td>Prevoz od\u00a0 \/ do<\/td>\n<td style=\"text-align: center;\" colspan=\"3\">Cijena po vozilu u \u20ac<\/td>\n<\/tr>\n<tr>\n<td><strong>Podgorica airport<\/strong><\/td>\n<td>Economic car<\/td>\n<td>Mercedes E class<\/td>\n<td>Mercedes Viano<\/td>\n<td><strong>Podgorica airport<\/strong><\/td>\n<td>Economic car<\/td>\n<td>Mercedes E class<\/td>\n<td>Mercedes Viano<\/td>\n<\/tr>\n<tr>\n<td colspan=\"4\"><strong>\u00a0 \u00a0 Montenegro<\/strong><\/td>\n<td colspan=\"4\">\u00a0 \u00a0\u00a0<strong>Montenegro<\/strong><\/td>\n<\/tr>\n<tr>\n<td>Podgorica city<\/td>\n<td>10<\/td>\n<td>15<\/td>\n<td>20<\/td>\n<td>Bar<\/td>\n<td>35<\/td>\n<td>55<\/td>\n<td>70<\/td>\n<\/tr>\n<tr>\n<td>Tivat<\/td>\n<td>45<\/td>\n<td>60<\/td>\n<td>80<\/td>\n<td>Ulcinj<\/td>\n<td>55<\/td>\n<td>65<\/td>\n<td>85<\/td>\n<\/tr>\n<tr>\n<td>Porto MNE<\/td>\n<td>45<\/td>\n<td>60<\/td>\n<td>80<\/td>\n<td>Ada Bojana<\/td>\n<td>65<\/td>\n<td>80<\/td>\n<td>95<\/td>\n<\/tr>\n<tr>\n<td>Kotor old town<\/td>\n<td>45<\/td>\n<td>60<\/td>\n<td>80<\/td>\n<td>Becici<\/td>\n<td>30<\/td>\n<td>45<\/td>\n<td>60<\/td>\n<\/tr>\n<tr>\n<td>Dobrota<\/td>\n<td>55<\/td>\n<td>65<\/td>\n<td>110<\/td>\n<td>St.Sefan<\/td>\n<td>30<\/td>\n<td>45<\/td>\n<td>60<\/td>\n<\/tr>\n<tr>\n<td>Lustica, Chedi<\/td>\n<td>55<\/td>\n<td>75<\/td>\n<td>120<\/td>\n<td>Petrovac<\/td>\n<td>30<\/td>\n<td>45<\/td>\n<td>60<\/td>\n<\/tr>\n<tr>\n<td>Budva<\/td>\n<td>30<\/td>\n<td>45<\/td>\n<td>60<\/td>\n<td>\u017dabljak<\/td>\n<td>85<\/td>\n<td>100<\/td>\n<td>130<\/td>\n<\/tr>\n<tr>\n<td colspan=\"4\"><strong>\u00a0 \u00a0 Croatia<\/strong><\/td>\n<td colspan=\"4\">\u00a0 \u00a0 \u00a0<strong>Croatia<\/strong><\/td>\n<\/tr>\n<tr>\n<td>Air. Dubrovnik<\/td>\n<td>100<\/td>\n<td>120<\/td>\n<td>150<\/td>\n<td>Dubrovnik town<\/td>\n<td>120<\/td>\n<td>140<\/td>\n<td>170<\/td>\n<\/tr>\n<tr>\n<td colspan=\"4\"><strong>\u00a0 \u00a0 Kosovo<\/strong><\/td>\n<td colspan=\"4\"><strong>\u00a0 \u00a0 Kosovo<\/strong><\/td>\n<\/tr>\n<tr>\n<td>Pristina<\/td>\n<td>180<\/td>\n<td>\u00a0240<\/td>\n<td>350<\/td>\n<td>Peja \/ Pec<\/td>\n<td>140<\/td>\n<td>\u00a0180<\/td>\n<td>300<\/td>\n<\/tr>\n<tr>\n<td colspan=\"4\"><strong>\u00a0 \u00a0 Albania<\/strong><\/td>\n<td colspan=\"4\"><strong>\u00a0 \u00a0 Albania\u00a0<\/strong><\/td>\n<\/tr>\n<tr>\n<td>Shkoder<\/td>\n<td>45<\/td>\n<td>\u00a060<\/td>\n<td>70<\/td>\n<td>Tirana<\/td>\n<td>120<\/td>\n<td>\u00a0140<\/td>\n<td>160<\/td>\n<\/tr>\n<\/tbody>\n<\/table>\n            <\/div>        <\/div>    <\/div><\/section>\n<section class=\"av_toggle_section\"  itemscope=\"itemscope\" itemtype=\"https:\/\/schema.org\/CreativeWork\"  >    <div class=\"single_toggle\" data-tags=\"{All} \"  >        <p data-fake-id=\"#toggle-id-2\" class=\"toggler \"  itemprop=\"headline\"   >Toggle 2<span class=\"toggle_icon\" >        <span class=\"vert_icon\"><\/span><span class=\"hor_icon\"><\/span><\/span><\/p>        <div id=\"toggle-id-2-container\" class=\"toggle_wrap \"  >            <div class=\"toggle_content invers-color \"  itemprop=\"text\"   >            <\/div>        <\/div>    <\/div><\/section>\n<\/div>\n<div class=\"flex_column av_one_full  av-animated-generic bottom-to-top  flex_column_div av-zero-column-padding first  avia-builder-el-21  el_after_av_toggle_container  el_before_av_one_full  \" style='border-radius:0px; '><p><div style='padding-bottom:0px; ' class='av-special-heading av-special-heading-h2  blockquote modern-quote  avia-builder-el-22  el_before_av_hr  avia-builder-el-first  '><h2 class='av-special-heading-tag '  itemprop=\"headline\"  >Great for you<\/h2><div class='special-heading-border'><div class='special-heading-inner-border' ><\/div><\/div><\/div><br \/>\n<div style=' margin-top:10px; margin-bottom:10px;'  class='hr hr-custom hr-left hr-icon-no   avia-builder-el-23  el_after_av_heading  el_before_av_textblock '><span class='hr-inner   inner-border-av-border-fat' style=' width:50px; border-color:#efbb20;' ><span class='hr-inner-style'><\/span><\/span><\/div><br \/>\n<section class=\"av_textblock_section \"  itemscope=\"itemscope\" itemtype=\"https:\/\/schema.org\/CreativeWork\" ><div class='avia_textblock  '   itemprop=\"text\" ><p>Donec quam felis, ultricies nec, <strong>pellentesque<\/strong> eu, pretium quis, sem. Nulla consequat massa quis enim.<\/p>\n<p>Lorem ipsum dolor sit amet, consectetuer adipiscing elit. Aenean commodo ligula eget dolor. Aenean massa. Cum sociis natoque penatibus et magnis dis parturient montes, nascetur ridiculus mus.<\/p>\n<\/div><\/section><\/p><\/div>\n<div class=\"flex_column av_one_full  av-animated-generic bottom-to-top  flex_column_div first  avia-builder-el-25  el_after_av_one_full  avia-builder-el-last  column-top-margin\" style='border-width:1px; border-color:#e1e1e1; border-style:solid; padding:20px; background-color:#fcfcfc; border-radius:0px; '><section class=\"av_textblock_section \"  itemscope=\"itemscope\" itemtype=\"https:\/\/schema.org\/CreativeWork\" ><div class='avia_textblock  '   itemprop=\"text\" ><p>Lorem ipsum dolor sit amet, consectetuer adipiscing elit. Aenean commodo ligula eget dolor. Aenean massa. Cum sociis natoque penatibus et magnis dis parturient montes, nascetur ridiculus mus.<\/p>\n<p>Donec quam felis, <strong>ultricies<\/strong> nec, pellentesque eu, pretium quis, sem. Nulla consequat massa quis enim.<\/p>\n<\/div><\/section><\/div>\n","protected":false},"excerpt":{"rendered":"","protected":false},"author":1,"featured_media":83,"parent":25,"menu_order":0,"comment_status":"closed","ping_status":"closed","template":"","meta":[],"_links":{"self":[{"href":"https:\/\/transfercompany.me\/index.php\/wp-json\/wp\/v2\/pages\/113"}],"collection":[{"href":"https:\/\/transfercompany.me\/index.php\/wp-json\/wp\/v2\/pages"}],"about":[{"href":"https:\/\/transfercompany.me\/index.php\/wp-json\/wp\/v2\/types\/page"}],"author":[{"embeddable":true,"href":"https:\/\/transfercompany.me\/index.php\/wp-json\/wp\/v2\/users\/1"}],"replies":[{"embeddable":true,"href":"https:\/\/transfercompany.me\/index.php\/wp-json\/wp\/v2\/comments?post=113"}],"version-history":[{"count":19,"href":"https:\/\/transfercompany.me\/index.php\/wp-json\/wp\/v2\/pages\/113\/revisions"}],"predecessor-version":[{"id":1170,"href":"https:\/\/transfercompany.me\/index.php\/wp-json\/wp\/v2\/pages\/113\/revisions\/1170"}],"up":[{"embeddable":true,"href":"https:\/\/transfercompany.me\/index.php\/wp-json\/wp\/v2\/pages\/25"}],"wp:featuredmedia":[{"embeddable":true,"href":"https:\/\/transfercompany.me\/index.php\/wp-json\/wp\/v2\/media\/83"}],"wp:attachment":[{"href":"https:\/\/transfercompany.me\/index.php\/wp-json\/wp\/v2\/media?parent=113"}],"curies":[{"name":"wp","href":"https:\/\/api.w.org\/{rel}","templated":true}]}}